{"id":10721,"date":"2016-02-18T20:46:59","date_gmt":"2016-02-18T19:46:59","guid":{"rendered":"https:\/\/www.kunzebauma.de\/?page_id=10721"},"modified":"2016-02-18T21:05:37","modified_gmt":"2016-02-18T20:05:37","slug":"hydraulikservice","status":"publish","type":"page","link":"https:\/\/www.kunzebauma.de\/?page_id=10721","title":{"rendered":"Hydraulikservice"},"content":{"rendered":"<p><strong>Hydraulik-Service <\/strong><\/p>\n<p><a href=\"https:\/\/www.kunzebauma.de\/wp-content\/uploads\/2016\/02\/r16_150h.jpg\" rel=\"attachment wp-att-10725\"><img loading=\"lazy\" class=\"alignnone size-full wp-image-10725\" src=\"https:\/\/www.kunzebauma.de\/wp-content\/uploads\/2016\/02\/r16_150h.jpg\" alt=\"r16_150h\" width=\"129\" height=\"150\" \/><\/a><\/p>\n<p>Wenn Hydraulikkomponenten oder -anlagen ausfallen, kann das f\u00fcr Ihren Betrieb nicht nur \u00e4rgerlich sein, sondern auch gro\u00dfe Probleme mit sich bringen.<\/p>\n<p>Umso wichtiger ist es dann, die Instandsetzung jemandem anzuvertrauen, der Ihnen die Sicherheit gibt, dass Zylinder, Pumpen, Motoren und Ventile schnell, zuverl\u00e4ssig, nach neuester Technik und mit Garantie instand gesetzt werden.<\/p>\n<p>&#8211; Sicherheit, dass die Instandsetzung mindestens nach Herstellerqualit\u00e4t erfolgt.<br \/>\n&#8211; Sicherheit, dass Ursachen gesucht und gefunden werden.<br \/>\n&#8211; Sicherheit, dass der Instandsetzungsprozess f\u00fcr Sie transparent und<br \/>\n&#8211; nachvollziehbar ist.<\/p>\n<p>Die Hersteller hydraulischer Maschinen und Anlagen verwenden unterschiedlichste Hydraulikkomponenten spezialisierter Hersteller. Zwar werden Ausf\u00e4lle eher selten durch Hydraulikprobleme verursacht, doch genau diese Probleme k\u00f6nnen lange Ausfallzeiten und damit erhebliche Kosten verursachen. Aus diesem Grund ist eine vorbeugende Instandhaltung von besonderer Bedeutung.<\/p>\n<p>Die fr\u00fchzeitige Erkennung von Verschlei\u00df bzw. einem drohenden Ausfall insbesondere bei hydrostatischen Antrieben kann helfen, einen Totalausfall und die damit verbundene Reinigung der hydraulischen Anlage zu vermeiden. Tritt ein Maschinenstillstand durch den Ausfall der Hydraulik ein, ist die Ausfallzeit der Maschine bzw. Anlage nicht zuletzt von der Verf\u00fcgbarkeit der Ersatzteile oder der Dauer der Instandsetzung abh\u00e4ngig.<\/p>\n<p>Wir wissen, dass Sie sich auf das konzentrieren wollen, was Sie am Besten k\u00f6nnen: Ihr Kerngesch\u00e4ft! Deshalb sorgen wir daf\u00fcr, dass Sie in Bewegung bleiben. Profitieren Sie von unserem Know How und unserer Erfahrung f\u00fcr Ihre Kostenoptimierung.<\/p>\n<p><a href=\"https:\/\/www.kunzebauma.de\/wp-content\/uploads\/2016\/02\/ROTOR_GROUP-e1455825443855.jpg\" rel=\"attachment wp-att-10738\"><img loading=\"lazy\" class=\"alignnone size-full wp-image-10738\" src=\"https:\/\/www.kunzebauma.de\/wp-content\/uploads\/2016\/02\/ROTOR_GROUP-e1455825443855.jpg\" alt=\"ROTOR_GROUP\" width=\"800\" height=\"600\" \/><\/a><\/p>\n<p>&nbsp;<\/p>\n","protected":false},"excerpt":{"rendered":"<p>Hydraulik-Service Wenn Hydraulikkomponenten oder -anlagen ausfallen, kann das f\u00fcr Ihren Betrieb nicht nur \u00e4rgerlich sein, sondern auch gro\u00dfe Probleme mit sich bringen. Umso wichtiger ist es dann, die Instandsetzung jemandem anzuvertrauen, der Ihnen die Sicherheit gibt, dass Zylinder, Pumpen, Motoren und Ventile schnell, zuverl\u00e4ssig, nach neuester Technik und mit Garantie instand gesetzt werden. &#8211; Sicherheit,&#8230; <\/p>\n<div class=\"clear\"><\/div>\n<p><a href=\"https:\/\/www.kunzebauma.de\/?page_id=10721\" class=\"excerpt-read-more\">Learn More<i class=\"fa fa-angle-double-right icon-double-angle-right\"><\/i><\/a><\/p>\n","protected":false},"author":2,"featured_media":0,"parent":0,"menu_order":0,"comment_status":"closed","ping_status":"closed","template":"","meta":[],"_links":{"self":[{"href":"https:\/\/www.kunzebauma.de\/index.php?rest_route=\/wp\/v2\/pages\/10721"}],"collection":[{"href":"https:\/\/www.kunzebauma.de\/index.php?rest_route=\/wp\/v2\/pages"}],"about":[{"href":"https:\/\/www.kunzebauma.de\/index.php?rest_route=\/wp\/v2\/types\/page"}],"author":[{"embeddable":true,"href":"https:\/\/www.kunzebauma.de\/index.php?rest_route=\/wp\/v2\/users\/2"}],"replies":[{"embeddable":true,"href":"https:\/\/www.kunzebauma.de\/index.php?rest_route=%2Fwp%2Fv2%2Fcomments&post=10721"}],"version-history":[{"count":6,"href":"https:\/\/www.kunzebauma.de\/index.php?rest_route=\/wp\/v2\/pages\/10721\/revisions"}],"predecessor-version":[{"id":10745,"href":"https:\/\/www.kunzebauma.de\/index.php?rest_route=\/wp\/v2\/pages\/10721\/revisions\/10745"}],"wp:attachment":[{"href":"https:\/\/www.kunzebauma.de\/index.php?rest_route=%2Fwp%2Fv2%2Fmedia&parent=10721"}],"curies":[{"name":"wp","href":"https:\/\/api.w.org\/{rel}","templated":true}]}}